when 110564 is divided by 24.
20
Calculate the remainder when 93640 is divided by 108.
4
Calculate the remainder when 38136 is divided by 91.
7
Calculate the remainder when 813 is divided by 788.
25
What is the remainder when 76599 is divided by 151?
42
Calculate the remainder when 2019 is divided by 1495.
524
What is the remainder when 2880 is divided by 1052?
776
What is the remainder when 75972 is divided by 2170?
22
What is the remainder when 256648 is divided by 31?
30
Calculate the remainder when 4315 is divided by 169.
90
Calculate the remainder when 20062 is divided by 531.
415
What is the remainder when 103398 is divided by 9?
6
What is the remainder when 4852 is divided by 80?
52
What is the remainder when 67622 is divided by 158?
156
Calculate the remainder when 52626 is divided by 159.
156
Calculate the remainder when 45152 is divided by 740.
12
What is the remainder when 1019 is divided by 27?
20
What is the remainder when 12572 is divided by 144?
44
Calculate the remainder when 13890 is divided by 6868.
154
Calculate the remainder when 2058 is divided by 398.
68
What is the remainder when 222742 is divided by 55681?
18
What is the remainder when 1827 is divided by 158?
89
What is the remainder when 624855 is divided by 21?
0
What is the remainder when 10494 is divided by 5106?
282
Calculate the remainder when 17870 is divided by 2411.
993
Calculate the remainder when 1812 is divided by 453.
0
Calculate the remainder when 825 is divided by 180.
105
What is the remainder when 218829 is divided by 77?
72
What is the remainder when 32404 is divided by 248?
164
Calculate the remainder when 110876 is divided by 13856.
28
What is the remainder when 52730 is divided by 63?
62
Calculate the remainder when 6345 is divided by 906.
3
Calculate the remainder when 1467 is divided by 204.
39
Calculate the remainder when 10757 is divided by 1194.
11
What is the remainder when 3217002 is divided by 201?
198
What is the remainder when 1721 is divided by 191?
2
What is the remainder when 924 is divided by 282?
78
Calculate the remainder when 1167754 is divided by 276.
274
Calculate the remainder when 685 is divided by 564.
121
What is the remainder when 232040 is divided by 317?
313
What is the remainder when 223224 is divided by 778?
716
What is the remainder when 455909 is divided by 14?
13
Calculate the remainder when 7408 is divided by 3577.
254
What is the remainder when 7505 is divided by 751?
746
What is the remainder when 3421 is divided by 203?
173
Calculate the remainder when 1261 is divided by 683.
578
Calculate the remainder when 562545 is divided by 362.
359
Calculate the remainder when 8340 is divided by 695.
0
What is the remainder when 3580199 is divided by 150?
149
What is the remainder when 54192 is divided by 27094?
4
Calculate the remainder when 3151 is divided by 1020.
91
Calculate the remainder when 50715 is divided by 57.
42
What is the remainder when 34990 is divided by 810?
160
What is the remainder when 1383 is divided by 102?
57
What is the remainder when 235600 is divided by 27?
25
Calculate the remainder when 2097313 is divided by 57.
55
Calculate the remainder when 16101 is divided by 1340.
21
Calculate the remainder when 9684 is divided by 2420.
4
Calculate the remainder when 19740 is divided by 18.
12
What is the remainder when 3498 is divided by 3331?
167
What is the remainder when 32921 is divided by 19?
13
What is the remainder when 6782 is divided by 260?
22
What is the remainder when 1924 is divided by 475?
24
Calculate the remainder when 2751391 is divided by 224.
223
Calculate the remainder when 14586 is divided by 141.
63
Calculate the remainder when 2374 is divided by 267.
238
Calculate the remainder when 8582 is divided by 2791.
209
What is the remainder when 133377 is divided by 468?
465
What is the remainder when 21381 is divided by 7127?
0
Calculate the remainder when 1393 is divided by 476.
441
What is the remainder when 2500 is divided by 169?
134
Calculate the remainder when 6106 is divided by 291.
286
What is the remainder when 379366 is divided by 50?
16
Calculate the remainder when 208541 is divided by 208532.
9
What is the remainder when 7591 is divided by 222?
43
What is the remainder when 1261 is divided by 186?
145
Calculate the remainder when 4370 is divided by 4348.
22
Calculate the remainder when 24607 is divided by 1891.
24
What is the remainder when 1048 is divided by 61?
11
Calculate the remainder when 345 is divided by 70.
65
Calculate the remainder when 33033 is divided by 137.
16
What is the remainder when 7211 is divided by 6363?
848
Calculate the remainder when 762729 is divided by 4.
1
What is the remainder when 20227 is divided by 1668?
211
Calculate the remainder when 155260 is divided by 226.
224
What is the remainder when 820 is divided by 99?
28
Calculate the remainder when 6191 is divided by 11.
9
Calculate the remainder when 30972 is divided by 61.
45
What is the remainder when 193416 is divided by 122?
46
Calculate the remainder when 676336 is divided by 45.
31
What is the remainder when 2866814 is divided by 61?
58
Calculate the remainder when 9639 is divided by 219.
3
What is the remainder when 44639 is divided by 90?
89
What is the remainder when 50104 is divided by 16700?
4
What is the remainder when 27597 is divided by 242?
9
What is the remainder when 1547 is divided by 445?
212
Calculate the remainder when 2800080 is divided by 39.
36
What is the remainder when 4593 is divided by 1240?
873
Calculate the remainder when 675 is divided by 122.
65
Calculate the remainder when 5341 is divided by 1356.
1273
What is the remainder when 3015 is divided by 513?
450
What is the remainder when 3525 is divided by 57?
48
What is the remainder when 169 is divided by 14?
1
Calculate the remainder when 42437 is divided by 356.
73
What is the remainder when 1918 is divided by 445?
138
What is the remainder when 30438 is divided by 3804?
6
What is the remainder when 21190 is divided by 10545?
100
What is the remainder when 15121049 is divided by 27?
23
What is the remainder when 8898 is divided by 1267?
29
Calculate the remainder when 56386 is divided by 18775.
61
What is the remainder when 427 is divided by 408?
19
Calculate the remainder when 1459727 is divided by 54.
53
What is the remainder when 36738 is divided by 26?
0
What is the remainder when 299716 is divided by 22?
10
Calculate the remainder when 35745 is divided by 17860.
25
What is the remainder when 632 is divided by 113?
67
Calculate the remainder when 3849 is divided by 480.
9
Calculate the remainder when 203497 is divided by 7.
0
What is the remainder when 18587 is divided by 15?
2
Calculate the remainder when 15529 is divided by 20.
9
What is the remainder when 156107 is divided by 12?
11
What is the remainder when 35327 is divided by 6?
5
Calculate the remainder when 3280 is divided by 11.
2
What is the remainder when 221328 is divided by 1209?
81
Calculate the remainder when 16818 is divided by 17.
5
Calculate the remainder when 26232 is divided by 30.
12
Calculate the remainder when 1048 is divided by 397.
254
Calculate the remainder when 19490 is divided by 88.
42
What is the remainder when 758 is divided by 621?
137
What is the remainder when 318615 is divided by 186?
183
Calculate the remainder when 1645 is divided by 447.
304
What is the remainder when 4678 is divided by 57?
4
Calculate the remainder when 1266 is divided by 256.
242
Calculate the remainder when 30613 is divided by 162.
157
Calculate the remainder when 79640 is divided by 3.
2
What is the remainder when 169479 is divided by 95?
94
What is the remainder when 2385410 is divided by 9?
5
What is the remainder when 80039 is divided by 205?
89
Calculate the remainder when 232023 is divided by 97.
96
Calculate the remainder when 1182 is divided by 238.
230
What is the remainder when 478184 is divided by 718?
714
What is the remainder when 85954 is divided by 811?
799
What is the remainder when 84676 is divided by 8?
4
Calculate the remainder when 20044 is divided by 187.
35
Calculate the remainder when 6831622 is divided by 155.
152
What is the remainder when 22727 is divided by 11359?
9
What is the remainder when 511 is divided by 334?
177
Calcula